 - 156*j + 905. Give z(6).
5
Let n(j) = j**3 - 10*j**2 - 120*j - 3. Give n(17).
-20
Let l(i) = -25*i**2 - 143*i + 7. Determine l(-7).
-217
Let z(r) = 5*r**2 + 72*r + 210. Give z(-8).
-46
Let m(h) = 41*h + 1228. Determine m(-30).
-2
Let r(j) = -24*j + 166. Calculate r(7).
-2
Let k(u) = u**2 + 822*u + 4891. Give k(-6).
-5
Let a(t) = -t**3 + 6*t**2 - 7*t - 2. Give a(4).
2
Let d(w) = -33*w - 2607. Calculate d(-79).
0
Let d(h) = -364*h + 21839. What is d(60)?
-1
Let y(b) = 2*b**3 - 12*b**2 - 4*b - 15. What is y(8)?
209
Let p(k) = k**2 - 19*k - 7. What is p(20)?
13
Let o(g) = -174*g + 12324. Determine o(71).
-30
Let y(r) = -2*r**2 + 67*r + 213. Calculate y(-3).
-6
Let k(f) = 8*f**2 + 1199*f + 956. Determine k(-149).
-87
Let t(w) = -32*w**2 + 19*w - 8. Determine t(3).
-239
Let m(j) = 45*j**2 - 499*j + 500. Determine m(1).
46
Let s(l) = -l**2 - 2*l - 10. What is s(-2)?
-10
Let l(m) = -213*m - 6606. Determine l(-31).
-3
Let d(i) = -149*i + 407. Calculate d(3).
-40
Let c(k) = -k**2 + 182*k + 3841. Give c(-19).
22
Let h(n) = 500*n + 1008. What is h(-2)?
8
Let y(d) = -607*d + 3060. Give y(5).
25
Let u(r) = 7*r**3 - 4*r**2 - 3*r + 1. Give u(-1).
-7
Let y(h) = 51*h - 154. Give y(4).
50
Let b(q) = 4*q - 45. Give b(-5).
-65
Let f(w) = -w**2 + 10*w + 83. Determine f(14).
27
Let v(y) = 2*y**2 + 33*y + 119. Give v(-5).
4
Let m(k) = -90*k + 387. Give m(0).
387
Let m(f) = 3*f**3 + 4*f**2 + 360*f + 1076. Give m(-3).
-49
Let s(j) = -121*j + 2765. Calculate s(25).
-260
Let x(f) = -f**3 - 23*f**2 - 23*f - 105. What is x(-22)?
-83
Let i(x) = -x**3 - 13*x**2 + 48*x + 5. Calculate i(3).
5
Let c(x) = -x**3 - 88*x**2 - 169*x + 256. Calculate c(-86).
-2
Let g(x) = -7*x - 331. Calculate g(-22).
-177
Let y(n) = -441*n + 17. What is y(0)?
17
Let j(w) = -245*w - 8. Give j(-2).
482
Let f(b) = b**2 - 163*b - 502. Determine f(-3).
-4
Let x(h) = -3*h**2 - 2*h + 71. What is x(-5)?
6
Let v(d) = -d**3 - 40*d**2 - 202*d + 66. Give v(-34).
-2
Let c(r) = -2*r**2 + 6*r + 2514. What is c(-34)?
-2
Let t(d) = -2*d**3 - 5*d**2 - 23*d - 6. Determine t(-2).
36
Let k(g) = 8*g**3 - g**2 + 10*g - 15. Calculate k(3).
222
Let r(h) = 2*h**2 - 43*h + 115. Calculate r(3).
4
Let m(x) = x**2 + 17*x + 20. What is m(-5)?
-40
Let d(f) = -2*f**3 - 13*f**2 - 40*f - 32. Determine d(-10).
1068
Let l(o) = 6*o**3 - 40*o**2 + o - 41. Give l(7).
64
Let x(y) = y**3 + 18*y**2 + 36*y + 22. Calculate x(-17).
-301
Let x(n) = -2*n**2 + 65*n + 326. What is x(37)?
-7
Let s(r) = -4*r**3 - 3*r**2 + 103*r - 203. Calculate s(2).
-41
Let i(q) = -q**2 + 25*q + 5544. Give i(-63).
0
Let q(o) = 576*o - 575. Give q(1).
1
Let w(l) = -134*l + 1062. Calculate w(8).
-10
Let i(y) = -y**3 + 23*y**2 + 31*y - 3. Determine i(24).
165
Let b(u) = u**3 - 6*u**2 - 7*u - 53. Give b(0).
-53
Let a(i) = -41*i**2 + 408*i + 25. Calculate a(10).
5
Let r(t) = -t**3 - 7*t**2 + 3*t + 43. What is r(-7)?
22
Let h(j) = 13*j**2 + 163*j + 40. Determine h(-12).
-44
Let a(s) = 438*s + 17976. Determine a(-41).
18
Let t(x) = 5*x**2 - 28*x - 431. Determine t(-7).
10
Let b(m) = 10*m**2 - 27*m - 131. What is b(-4)?
137
Let w(d) = d**3 - d**2 - 2*d. Determine w(-3).
-30
Let j(d) = 2*d**3 - 36*d**2 + 110*d. Give j(14).
-28
Let j(z) = 14*z**2 - 377*z + 2. Determine j(27).
29
Let t(i) = i**3 - 87*i**2 + 1085*i - 362. Determine t(72).
-2
Let d(a) = 84*a - 12519. Give d(149).
-3
Let p(z) = 1762*z - 63438. Determine p(36).
-6
Let d(b) = 14*b + 85. Give d(-5).
15
Let h(g) = 32410*g - 388922. Calculate h(12).
-2
Let a(i) = 13*i**2 + 1238*i + 233. Determine a(-95).
-52
Let v(f) = -2*f**3 - 12*f**2 + 46*f - 13. Calculate v(-9).
59
Let f(x) = x**3 + 41*x**2 - 177*x - 1969. Give f(-44).
11
Let y(h) = -10*h**3 - 209*h**2 + 15*h - 121. Calculate y(-21).
5
Let v(i) = -2*i**3 + 23*i**2 + 14*i - 21. Give v(12).
3
Let a(g) = 12*g - 310. Give a(23).
-34
Let m(w) = 304*w + 1227. Determine m(-4).
11
Let g(f) = 34*f**2 - 301*f - 45. Give g(9).
0
Let z(h) = -98*h - 3027. Calculate z(-31).
11
Let a(g) = 30*g**2 - 20*g + 19. Calculate a(1).
29
Let b(k) = 25*k + 582. What is b(-52)?
-718
Let k(f) = -159*f + 697. Give k(6).
-257
Let v(g) = g**2 + 4*g - 88. Calculate v(-12).
8
Let b(q) = q**2 + 2*q - 143. What is b(-12)?
-23
Let h(t) = -96*t - 391. What is h(-4)?
-7
Let a(z) = 11*z + 1326. Give a(-35).
941
Let g(t) = 81*t - 12309. Give g(152).
3
Let u(o) = -157*o - 636. What is u(-4)?
-8
Let p(g) = -175*g - 1220. What is p(-9)?
355
Let k(i) = i**3 + 9*i**2 - 48*i - 9. Determine k(6).
243
Let w(l) = -3*l - 20. Give w(-8).
4
Let b(h) = 59*h**2 + 944*h - 12. Determine b(-16).
-12
Let i(w) = w**2 - 60*w + 793. Calculate i(20).
-7
Let d(w) = -949*w + 8529. Give d(9).
-12
Let s(v) = 128*v + 1141. Calculate s(-9).
-11
Let o(g) = 2*g**2 - 20*g - 97. Give o(15).
53
Let z(l) = l**3 + 24*l**2 - 42*l + 270. Give z(-26).
10
Let a(g) = -8*g + 9. Calculate a(-5).
49
Let o(m) = 14*m**2 - 2*m - 5. Determine o(0).
-5
Let d(s) = -230*s + 3017. Calculate d(13).
27
Let a(k) = 3*k**2 - 51*k - 106. Determine a(21).
146
Let h(z) = -450*z + 1401. Give h(3).
51
Let q(j) = -j**3 + 36*j**2 - 45*j + 351. Calculate q(35).
1
Let l(g) = 4*g**2 + 205*g + 606. Determine l(-3).
27
Let l(x) = -16*x**2 - 5*x + 19. Determine l(1).
-2
Let j(g) = -97*g - 3228. Give j(-33).
-27
Let h(p) = -2*p**2 - 78*p + 384. Calculate h(-44).
-56
Let c(o) = -o**3 + o**2 - 4*o + 68. Calculate c(0).
68
Let j(d) = -1720*d + 6914. Calculate j(4).
34
Let s(n) = -14*n**3 + 4*n**2 - 8*n - 7. Give s(-1).
19
Let m(k) = -3*k**3 - 19*k + 27. What is m(3)?
-111
Let g(p) = -60*p + 44. Calculate g(8).
-436
Let v(y) = -2*y**3 + 197*y**2 - 101*y + 272. Calculate v(98).
-22
Let i(r) = -r + 115. Calculate i(23).
92
Let r(c) = c**3 - 42*c**2 + 218*c - 165. What is r(36)?
-93
Let a(f) = -688*f - 8259. Give a(-12).
-3
Let f(i) = -i**2 + 183. Determine f(-11).
62
Let q(w) = 2*w + 77. Give q(-11).
55
Let c(w) = w**3 - 8*w**2 - 224*w + 941. Calculate c(4).
-19
Let d(z) = -2*z**3 - 25*z**2 + 153*z - 6. What is d(-17)?
-6
Let n(t) = -6*t + 20. What is n(26)?
-136
Let n(g) = 3*g + 71. Determine n(-48).
-73
Let v(t) = -8*t + 321. What is v(35)?
41
Let g(j) = -26*j - 307. Determine g(-12).
5
Let p(w) = -w**3 - 17*w**2 - 22*w + 64. Determine p(-15).
-56
Let x(m) = -291*m - 260. Determine x(-1).
31
Let j(c) = -28*c**2 - 869*c - 28. Calculate j(-31).
3
Let s(c) = -114*c - 2684. What is s(-24)?
52
Let k(p) = -47*p + 2466. Give k(53).
-25
Let t(y) = -2*y**3 + 28*y**2 - 76*y + 7. Calculate t(9).
133
Let s(v) = 19*v + 41. Calculate s(5).
136
Let q(v) = v**3 + 2*v**2 - 37*v + 114. Give q(5).
104
Let u(k) = 20*k + 1019. Determine u(-51).
-1
Let w(g) = -93*g + 59. What is w(4)?
-313
Let j(h) = 24*h**2 - 75*h. What is j(3)?
-9
Let n(f) = -f**2 - 203*f + 1251. What is n(6)?
-3
Let l(y) = -8*y**2 + 41*y + 110. What is l(-2)?
-4
Let d(m) = -m**3 + 2*m**2 + 67*m - 24. Determine d(9).
12
Let k(r) = -557*r - 8305. Determine k(-15).
50
Let c(g) = 2*g**3 - 45*g**2 - 23*g - 6. Give c(23).
-6
Let g(f) = -984*f + 22628. What is g(23)?
-4
Let l(z) = -37*z - 533. Determine l(-16).
59
Let w(v) = 10*v**2 + 279*v - 69. Give w(-28).
-41
Let s(x) = -149*x + 903. Determine s(6).
9
Let s(z) = -z**3 + 13*z**2 - 23*z - 1. What is s(2)?
-3
Let u(s) = 906*s - 863. What is u(1)?
43
Let a(j) = j**2 + 24*j - 147. What is a(-29)?
-2
Let a(f) = -26*f - 995. Calculate a(-24).
-371
Let u(a) = 4*a**2 - 38*a - 504. Calculate u(17).
6
Let z(d) = d**3 + 14*d**2 - 155*d - 164. What is z(8)?
4
Let u(o) = -73*o - 7286. Give u(-100).
14
Let m(s) = 203*s + 19297. Determine m(-95).
12
Let i(v) = -v**3 - 23*v**2 - 37*v + 28. Determine i(-21).
-77
Let s(r) = -10*r**2 - 57*r - 53. Give s(-1).
-6
Let g(a) = 3*a**2 - 101*a + 15. Calculate g(34).
49
Let j(k) = 3*k**2 - 13*k + 27. Calculate j(2).
13
Let t(z) = z**3 - 14*z**2 + 276*z - 3877. What is t(14)?
-13
Let w(k) = -k**3 + 6*k**2 + 5*k + 25. Determine w(8).
-63
Let w(n) = n**3 - 43*n**2 - 253*n - 41. Determine w(-5).
24
Let x(u) = -324*u + 1619. Determine x(5).
-1
Let a(w) = w**3 + 20*w**2 - 45*w - 40. Determine a(-22).
-18
Let p(s) = -s**3 + 16*s**2 + 218*s - 1887. Give p(22).
5
Let r(t) = 6*t**2 + 616*t - 212. Calculate r(-103).
-6
Let x(k) = 7*k**2 - 221*k + 76. Calculate x(31).
-48
Let y(w) = -333*w + 2342. Determine y(7).
11
Let g(i) = 218*i + 6107. Determine g(-28).
3
Le